) = y - 10. Suppose -2*t - 966 = -4*k - 268, -3*k + t + 524 = 0. Let q = k + -167. Determine m(q).
-2
Let k(z) = -z**2 + z - 31. Let s be 1/(-2)*(-19 - (0 - 1)). Suppose 0 = s*u - 18*u. Give k(u).
-31
Let n(u) = -4*u**2 + 4*u + 5 + 6*u**2 - 5. Let z be -7 - ((-18 - -16) + -2). Give n(z).
6
Let i(o) = -1 + 2*o + o - 1. Suppose 1119*p - 989*p + 650 = 0. What is i(p)?
-17
Let l(i) be the second derivative of 3*i**5/20 + i**4/24 - i**3/6 + 13*i**2 + 91*i. Let g(a) be the first derivative of l(a). Calculate g(1).
9
Let o be 243/(-36) + (-5)/20. Suppose 18 = n + 3*b, -3*n - b = 2*b - 24. Let a(s) = s**2 + 4 + n*s + 8*s - 4*s. What is a(o)?
4
Let r = -2 - -2. Let x(y) = -1 - 3 - 4*y + y**2 + r*y**2. Let q = 100528 + -100523. Determine x(q).
1
Let s(h) be the third derivative of h**4/12 - h**3/6 + 414*h**2. Suppose -3*g - 13 = -4*o + 24, 3*o = -2*g - 19. Give s(g).
-23
Let u(r) = -r**2 - 26*r - 10. Let b(v) = -2*v**3 - 28*v**2 + 21*v + 269. Let z be b(-14). Calculate u(z).
15
Suppose 22 = -3*c + j, 104 = -12*c - 2*j - 32. Let a(l) = -l**3 - 8*l**2 + 25*l + 29. Give a(c).
-21
Let u = -241 + 243. Let d(z) = 5*z**2 + 0*z**3 - z**3 - 14*z + 10 + 8*z**u. What is d(12)?
-14
Suppose 3*s - i + 4*i - 48 = 0, -52 = -4*s - i. Suppose 5*q + q = s. Let k(f) be the third derivative of -f**5/60 + f**4/8 - f**3/6 + 8*f**2. What is k(q)?
1
Suppose -4*q - c - c + 36 = 0, -9 = -q - 3*c. Let o(t) = 5*t - 842. Let d(y) = -4*y + 757. Let u(l) = 10*d(l) + 9*o(l). Calculate u(q).
37
Let w(t) = 4*t - 13. Let m = -25 - -29. Let v be w(m). Let g(u) = 5*u**3 - 46 + 45 - 3*u**v. Calculate g(2).
15
Let z(o) = -o**2 - 10*o - 5. Suppose -2*u - 3*t + 19 = 0, -5*u + 0*u = t - 41. Suppose -s + 4*q + 12 = u*q, 0 = -2*s - q - 11. Calculate z(s).
11
Suppose 114 = 9*f + 87. Suppose 0 = -3*r + 4*x - 12, -f*r + x = -3 + 6. Let s(b) = b + 17. Calculate s(r).
17
Let k(s) = -s + 17. Let d be k(15). Let t(c) = 9*c**d + 86 - 158 + 85 - 8*c + c**3. What is t(-10)?
-7
Let v(g) be the first derivative of -11/3*g**3 + g**2 - 37 + g. Give v(-1).
-12
Let y(m) = m. Suppose 4*g = -17 + 1. Let j be 5/(-1)*(-4)/(-5)*g. Let u = j - 20. Determine y(u).
-4
Let j(c) = -3*c - 15. Let k(i) = 7*i + 145. Let g(p) = 4*j(p) + k(p). Give g(15).
10
Suppose -n = -g + 13, 37 = 8*g - 5*g - 4*n. Suppose 11 = -t - 2*f, f - g = -5*t + 5*f. Let x(o) be the first derivative of 2*o**3/3 - 2. Determine x(t).
2
Let p(i) = 5*i - 3*i + 94 - 138 + 92. Give p(-36).
-24
Suppose -46 = -2*w + 26. Let y(i) = 2*i - w - 23 + 55. Give y(2).
0
Suppose -40*t + 459 - 56 = -277. Let l(v) be the third derivative of -1/24*v**4 - 1/2*v**3 + 0 + t*v**2 + 0*v. Determine l(6).
-9
Let s(w) = 25*w + 30. Let i(u) = -19*u - 32. Let f(t) = 4*i(t) + 3*s(t). Calculate f(-14).
-24
Let g(s) = -4*s**2 + 4*s - 3. Suppose -5*v + w + 14 = 0, 0*v = -6*v + 2*w + 20. Give g(v).
-11
Let w(o) = 2*o**3 + 3*o**2 + o + 1. Let z be (-5 + 14)*(-1)/(-9). Let p(j) = -3 + 0 - z + 25*j - 24*j. Let l be p(2). What is w(l)?
-5
Let l = -6 + 26. Let g be ((-10)/4)/(l/(-16)). Let w(u) = -2*u**2 + 10*u - 6*u - 99*u**3 + 100*u**3 - 2. Determine w(g).
6
Let j(p) = 4*p**2 - 4*p**3 - 13*p + 0*p**3 + 9*p + 8 + 10*p**3 - 5*p**3. Suppose 0 = -9*y + y - 40. Calculate j(y).
3
Let v = 253 - 250. Let p(g) = g**3 + 1 + 3*g**2 - 2*g**2 + 2*g**v. Give p(2).
29
Let f(p) = -20 - 37 - 27*p - p**2 - 2*p**2 - 33*p + 59. Calculate f(-20).
2
Let k(w) = -20*w**2 + 3*w + 1. Let u be k(1). Let v be ((-9)/12)/(6/u) + -4. Let c(x) = -1 - 1 - 2*x + x. Give c(v).
0
Let l = 640 - 635. Suppose 13*x = l*x + 40. Let n(b) = -b - 11. Determine n(x).
-16
Suppose 0 = -3*a + 5*c, 4*a - 212 = -4*c - 180. Let x(g) = g + 27. What is x(a)?
32
Let x be 41 + -31 + 0 + -4. Let m(t) be the second derivative of -t**3/6 + t**2 + 16*t. What is m(x)?
-4
Let h(z) = -z**3 - 12*z**2 + 13*z + 10. Suppose 11 + 9 = 4*a. Let m(f) = -2*f**3 - 22*f**2 + 25*f + 20. Let k(y) = a*h(y) - 3*m(y). What is k(-7)?
11
Let m(j) = -8*j**3 - 4*j**2 + 6*j - 7. Let d(q) = -17*q**3 - 11*q**2 + 17*q - 19. Let r(o) = 3*d(o) - 8*m(o). Determine r(1).
14
Let p(q) = -126*q - 18. Let s be p(-2). Let n = -242 + s. Let t(l) = -2*l - 12. Give t(n).
4
Let n(y) = 2*y**3 + 14*y**2 + 13*y - 1. Let q be 53/(-371) + (-82)/14. Determine n(q).
-7
Let u be 12/10*120/18. Let g be u/((-1 - 2) + 1). Let i(m) = 0 - m**2 - 2 + 3*m**2 + 3*m**2 - 33*m + m**3 + 34*m. Determine i(g).
10
Let l(g) be the first derivative of g**4/4 + g**2 + 7*g - 382. Calculate l(0).
7
Let n(p) = -7*p**2 + 38*p - 192. Let x(s) = 11*s**2 - 57*s + 288. Let g(k) = -8*n(k) - 5*x(k). Give g(9).
6
Let h(s) be the third derivative of -20*s**2 + 0*s + 1/120*s**5 + 7/6*s**3 + 0 - 1/12*s**4. Let a(d) be the first derivative of h(d). What is a(-3)?
-5
Let c(o) = o - 3. Suppose 6*t = -264 + 342. Suppose -d - 16 = 3*w, 5*w = -3*d + 7*d + t. Determine c(d).
-10
Let g(q) be the third derivative of q + 0 + 26*q**2 - 5/8*q**4 + 1/60*q**5 - 1/3*q**3. Determine g(15).
-2
Let n(j) = j + 19. Suppose -67 = 4*t - 187. Suppose 0 = -5*c - 3*r - t, -2*c + 0*c = -4*r + 38. Let l be n(c). Let d(i) = -i + 2. Give d(l).
-8
Let j(r) = 5*r**2 + 9*r - 7. Let l(c) be the first derivative of 23*c**3/3 + 18*c**2 - 27*c - 8. Let h(m) = -9*j(m) + 2*l(m). What is h(7)?
-5
Suppose 3*m - 199 = -190. Let q(h) = 40*h**3 + 39*h**3 + 9*h - 16 - 78*h**m + 2 + 12*h**2. What is q(-11)?
8
Let g(l) = -21 + 8*l**2 - 4*l + 14*l**3 - 17*l**3 + 7 + l + 4*l**3. What is g(-9)?
-68
Let b(j) = -4*j**2 - j - 1. Let o(x) = x**3 + 15*x**2 + 14*x + 2. Let p(z) = 6*b(z) + o(z). What is p(8)?
-4
Let x(p) = -p**3 - 15*p**2 - 29*p - 45. Let o be x(-13). Let y(q) = -17*q - 101. Give y(o).
1
Let l(p) = -3*p**2 + 11*p - 3. Let w be l(3). Let o(d) = d**3 + w*d**2 + 218*d - 220*d + 3*d**2 - 5. Let s be (3/(-2))/((-3)/(-12)). What is o(s)?
7
Let n(t) be the first derivative of -t**2/2 + 3*t - 1798. Let j be 3/((-22)/8 - -2). Calculate n(j).
7
Suppose 485*r - 2000 = 360*r. Let k(g) = 5*g - 29. Determine k(r).
51
Let v(x) be the first derivative of -x**2/2 - x - 19. Let h(d) = 2*d - 3. Let t(u) = h(u) - v(u). Let w = 15 + -17. What is t(w)?
-8
Let k(u) = -28276*u**2 + 14136*u**2 - 6*u - 5 + 14141*u**2. Suppose -2*o - 25 = -5*c, 2*c + o = 4*o - 1. What is k(c)?
2
Let m(d) be the first derivative of -1/2*d**2 + 0*d + 12*d**3 + 188. Calculate m(-1).
37
Let b = 87 - 84. Let c(t) = -8*t**2 + t**b + 28 - 26 + 8*t - 4. Calculate c(7).
5
Let c be 6 - (4/(-3))/((-6)/9). Suppose -5*b + 5*y - 42 = 18, 2*b + 2*y + c = 0. Let n(t) = 2*t - 1. What is n(b)?
-15
Let a(r) = 8*r + 25. Let j(u) = 23*u + 66. Let n(t) = 11*a(t) - 4*j(t). Determine n(4).
-5
Let y be 513/(-90) + (-9)/30. Let u be ((-10)/6)/1*y. Let x(k) = 0*k**2 + k**2 - 10*k - 2 + 10. Calculate x(u).
8
Let d(y) = -y. Let x be d(-2). Let j(c) = -75 + 276 - 112 - 91 + 6*c. Determine j(x).
10
Let n be 2 - (1 - 1/1). Suppose 20 = n*d - 10. Let v(m) = -42*m + 15. Let c(z) = -6*z + 2. Let i(a) = d*c(a) - 2*v(a). Give i(-2).
12
Let p(k) = 20 + 12*k**2 - 22 + 1157*k + k**3 - 1146*k. Let d(x) = -x**3 + 4*x**2 + 4*x - 6. Let v be d(5). Determine p(v).
-2
Suppose 15 = 2*x - z, -18*z + 14*z + 18 = 5*x. Let n(l) = 2*l**2 + 13*l - 4. Let h be n(-7). Let q(a) = -3*a - 3 - a**h - 59*a**2 + x + 53*a**2. Give q(-6).
21
Let u(s) = -10*s + 3*s + 37336469*s**2 - 5 - 37336468*s**2. Let y(t) = 9*t - 1. Let k be y(1). Give u(k).
3
Let v(n) = -10*n**2 - n. Let i(k) = k**3 - 12*k**2 + 9*k + 7. Let r(u) = -u**3 + 11*u**2 - 8*u - 7. Let x(b) = -6*i(b) - 7*r(b). Let l be x(4). What is v(l)?
-9
Suppose w = -5*v + 12, 2*w - 3*w - 2 = -2*v. Let u(z) = 70 - 38 - w*z**2 - 33. Calculate u(1).
-3
Suppose -5*n = -3*k - 39 + 19, 8*k + 36 = -4*n. Let a(l) = -3*l + 8. Let s(z) = 4*z - 9. Let j(r) = -6*a(r) - 5*s(r). Determine j(k).
7
Let v(i) be the second derivative of i**5/20 + 5*i**4/12 + i**3 + 2*i**2 - i. Let d(z) = 3*z**2 - 123*z + 116. Let o be d(40). Determine v(o).
-4
Let t(y) be the second derivative of 0 + 1/2*y**3 - 201*y + 5*y**2. Calculate t(-6).
-8
Suppose i + 3*q = -3, 3*i = 7*i + 2*q + 2. Let j(y) be the third derivative of 1/24*y**4 + 0*y - 7*y**2 + 0 + 5/6*y**3. Calculate j(i).
5
Let b(i) = i**3 - 8*i**2 + 6*i + 9. Suppose 39 = -7*f + 186. Suppose f = -10*c + 13*c. Let l be 5 + 3/5 + c/5. Give b(l).
2
Let d = -137 + 136. Let r(c) = -8*c**3 + 